{"id":723,"date":"2020-08-31T13:04:43","date_gmt":"2020-08-31T16:04:43","guid":{"rendered":"http:\/\/mestradoprofissional.fipecafi.org\/?page_id=723"},"modified":"2026-04-15T15:51:17","modified_gmt":"2026-04-15T18:51:17","slug":"optativas","status":"publish","type":"page","link":"https:\/\/mestradoprofissional.fipecafi.org\/?page_id=723","title":{"rendered":"Ementas &#8211; Optativas"},"content":{"rendered":"\n<p>Planos de ensino das disciplinas optativas que est\u00e3o dispon\u00edveis para escolha. A escolha dever\u00e1 ser feita atrav\u00e9s de formul\u00e1rio espec\u00edfico encaminhado pela secretaria do mestrado.<\/p>\n\n\n\n<h4 class=\"wp-block-heading\">Rela\u00e7\u00e3o dos alunos por disciplina optativa no 2\u00ba trimestre de 2026  <\/h4>\n\n\n<div class=\"sdm_download_button_box_default\"><div class=\"sdm_download_link\"><a href=\"https:\/\/mestradoprofissional.fipecafi.org\/?sdm_process_download=1&download_id=2521\" class=\"sdm_download green\" title=\"Rela\u00e7\u00e3o de alunos por disciplina optativa &#8211; 2\u00ba trimestre de 2026\" >Baixar agora!<\/a><\/div><\/div>\n\n\n\n<p><br><\/p>\n\n\n\n<h3 class=\"wp-block-heading\"><\/h3>\n\n\n\n<p><\/p>\n\n\n\n<h3 class=\"wp-block-heading\">Disciplinas oferecidas no 2\u00ba trimestre de 2026 <\/h3>\n\n\n\n<p class=\"has-normal-font-size\">Gest\u00e3o e Mensura\u00e7\u00e3o de Custos para Servir <div class=\"sdm_download_button_box_default\"><div class=\"sdm_download_link\"><a href=\"https:\/\/mestradoprofissional.fipecafi.org\/?sdm_process_download=1&download_id=2507\" class=\"sdm_download green\" title=\"Plano de ensino 2026-1 &#8211; optativa- Gest\u00e3o e Mensura\u00e7\u00e3o de Custos para Servir\" >Baixar agora!<\/a><\/div><\/div><\/p>\n\n\n\n<p>Interven\u00e7\u00e3o para Inova\u00e7\u00e3o <div class=\"sdm_download_button_box_default\"><div class=\"sdm_download_link\"><a href=\"https:\/\/mestradoprofissional.fipecafi.org\/?sdm_process_download=1&download_id=2503\" class=\"sdm_download green\" title=\"Plano de Ensino 2026-1 &#8211; optativa- Interven\u00e7\u00e3o para Inova\u00e7\u00e3o\" >Baixar agora!<\/a><\/div><\/div><\/p>\n\n\n\n<p>Produtos Tecnol\u00f3gicos <div class=\"sdm_download_button_box_default\"><div class=\"sdm_download_link\"><a href=\"https:\/\/mestradoprofissional.fipecafi.org\/?sdm_process_download=1&download_id=2509\" class=\"sdm_download green\" title=\"Plano de ensino 2026-1 &#8211; optativa &#8211; Produtos Tecnol\u00f3gicos\" >Baixar agora!<\/a><\/div><\/div><\/p>\n\n\n\n<p>Valuation <div class=\"sdm_download_button_box_default\"><div class=\"sdm_download_link\"><a href=\"https:\/\/mestradoprofissional.fipecafi.org\/?sdm_process_download=1&download_id=2505\" class=\"sdm_download green\" title=\"Plano de ensino 2026-1 &#8211; optativa &#8211; Valuation\" >Baixar agora!<\/a><\/div><\/div><\/p>\n\n\n\n<p class=\"has-normal-font-size\"><\/p>\n\n\n\n<p><\/p>\n","protected":false},"excerpt":{"rendered":"<p>Planos de ensino das disciplinas optativas que est\u00e3o dispon\u00edveis para escolha. A escolha dever\u00e1 ser feita atrav\u00e9s de formul\u00e1rio espec\u00edfico<\/p>\n","protected":false},"author":3,"featured_media":0,"parent":0,"menu_order":0,"comment_status":"closed","ping_status":"closed","template":"","meta":{"colormag_page_layout":"default_layout","footnotes":""},"class_list":["post-723","page","type-page","status-publish","hentry"],"_links":{"self":[{"href":"https:\/\/mestradoprofissional.fipecafi.org\/index.php?rest_route=\/wp\/v2\/pages\/723","targetHints":{"allow":["GET"]}}],"collection":[{"href":"https:\/\/mestradoprofissional.fipecafi.org\/index.php?rest_route=\/wp\/v2\/pages"}],"about":[{"href":"https:\/\/mestradoprofissional.fipecafi.org\/index.php?rest_route=\/wp\/v2\/types\/page"}],"author":[{"embeddable":true,"href":"https:\/\/mestradoprofissional.fipecafi.org\/index.php?rest_route=\/wp\/v2\/users\/3"}],"replies":[{"embeddable":true,"href":"https:\/\/mestradoprofissional.fipecafi.org\/index.php?rest_route=%2Fwp%2Fv2%2Fcomments&post=723"}],"version-history":[{"count":126,"href":"https:\/\/mestradoprofissional.fipecafi.org\/index.php?rest_route=\/wp\/v2\/pages\/723\/revisions"}],"predecessor-version":[{"id":2524,"href":"https:\/\/mestradoprofissional.fipecafi.org\/index.php?rest_route=\/wp\/v2\/pages\/723\/revisions\/2524"}],"wp:attachment":[{"href":"https:\/\/mestradoprofissional.fipecafi.org\/index.php?rest_route=%2Fwp%2Fv2%2Fmedia&parent=723"}],"curies":[{"name":"wp","href":"https:\/\/api.w.org\/{rel}","templated":true}]}}